Μετεωρολογικός Σταθμός στον Λιμένα Θάσου - Κάμερα στο λιμάνι - Αναλυτική Πρόγνωση - Στατιστικό αρχείο

- NOAA-Style Climate Reports

NOAA-Style Climate Reports

Select a Year or Month report
2024: Jan Feb Mar Apr May Jun Jul Aug Sep Oct Nov Dec
2023: Jan Feb Mar Apr May Jun Jul Aug Sep Oct Nov Dec

Report for 2024 May

Daily NOAA report



                            MONTHLY CLIMATOLOGICAL SUMMARY for MAY. 2024

NAME: meteothassos   CITY: Limenas STATE: Thassos, Greece
ELEV: 25m LAT: 040:46:03 LONG: -024:42:23

                            TEMPERATURE ( °C), RAIN (mm), WIND SPEED (kmh)

                                               HEAT     COOL           AVG
      MEAN                                     DEG      DEG            WIND                       DOM
DAY   TEMP    HIGH   TIME     LOW    TIME      DAYS     DAYS    RAIN   SPEED    HIGH    TIME      DIR
--------------------------------------------------------------------------------------------------------
12    20.8    23.9   15:30    15.3   22:10     00.0     02.5    00.0   02.3     16.6    15:50      N 
13    17.0    19.6   14:10    13.4   05:10     01.3     00.0    00.0   05.7     31.4    14:00     ESE
14    15.1    17.1   17:10    13.1   00:00     03.2     00.0    00.0   03.1     18.5    14:00     ESE
15    14.7    18.4   17:30    12.8   08:50     03.6     00.0    01.2   00.5     09.3    12:50     SSE
16    14.2    16.5   09:51    10.4   23:08     04.1     00.0    02.4   02.1     25.9    09:03      SE
17    15.6    22.2   16:42    09.2   04:12     02.7     00.0    00.2   02.2     18.5    11:52     ESE
18    17.2    23.3   17:06    11.3   04:46     01.1     00.0    00.0   01.6     18.5    09:20      E 
19    20.2    24.4   14:33    14.9   00:34     00.0     01.9    00.0   04.2     25.9    17:11     ESE
20    19.9    25.1   19:26    15.3   23:44     00.0     01.6    00.0   02.1     16.6    10:13      E 
21    19.9    26.1   16:42    15.4   00:24     00.0     01.6    00.0   03.1     20.4    05:18      E 
22    21.1    27.6   17:59    15.3   07:00     00.0     02.8    00.0   02.0     18.5    01:08     ESE
23    19.8    25.0   17:51    15.2   00:00     00.0     01.5    00.0   02.3     25.9    15:45      SE
24    20.1    26.7   18:00    13.4   06:22     00.0     01.8    00.0   01.7     16.6    15:54      E 
25    21.8    28.4   19:31    14.7   06:00     00.0     03.5    00.0   02.1     18.5    15:26     ESE
--------------------------------------------------------------------------------------------------------
18.4 (18.4)   28.4  day 25     09.2  day 17   016.0    017.1   014.0   02.5     31.5   day 19     ESE
Min <   30: 14
Max Rain: 2.4 ON 16-05-24
Days of Rain: 3 (> .2mm) 1 (> 2mm) 0 (> 20mm)