Μετεωρολογικός Σταθμός στον Λιμένα Θάσου - Κάμερα στο λιμάνι - Αναλυτική Πρόγνωση - Στατιστικό αρχείο

- NOAA-Style Climate Reports

NOAA-Style Climate Reports

Select a Year or Month report
2024:
2023:

2024

Daily NOAA report



                            MONTHLY CLIMATOLOGICAL SUMMARY for APR. 2024

NAME: meteothassos   CITY: Limenas STATE: Thassos, Greece
ELEV: 25m LAT: 040:46:03 LONG: -024:42:23

                            TEMPERATURE ( °C), RAIN (mm), WIND SPEED (kmh)

                                               HEAT     COOL           AVG
      MEAN                                     DEG      DEG            WIND                       DOM
DAY   TEMP    HIGH   TIME     LOW    TIME      DAYS     DAYS    RAIN   SPEED    HIGH    TIME      DIR
--------------------------------------------------------------------------------------------------------
01    14.3    21.7   14:55    09.1   07:17     04.0     00.0    00.0   01.2     11.1    15:07     WSW
02    14.8    20.4   13:47    10.3   03:20     03.5     00.0    00.2   00.6     12.9    17:20     WSW
03    15.2    21.1   13:42    09.4   07:35     03.1     00.0    00.0   02.6     16.6    14:49     ESE
04    14.9    22.7   18:43    08.4   03:45     03.4     00.0    00.0   00.9     11.1    16:57     WSW
05    15.4    23.0   18:36    08.9   07:31     02.9     00.0    00.0   00.8     12.9    14:21      W 
06    15.2    22.3   13:30    09.2   07:20     03.1     00.0    00.0   01.0     12.9    14:40     WSW
07    16.5    22.4   13:44    11.4   11:00     01.8     00.0    04.0   02.4     35.1    15:13      SE
08    15.9    23.2   16:25    09.7   05:02     02.4     00.0    00.0   02.3     22.2    15:04      SE
09    15.5    23.8   15:51    07.9   06:40     02.8     00.0    00.0   02.0     18.5    11:51      SE
10    14.7    22.6   18:11    07.8   07:09     03.6     00.0    00.0   01.7     16.6    10:52     WSW
11    18.1    25.2   18:50    10.3   00:08     00.2     00.0    00.0   02.9     24.1    14:00      SE
12    20.7    28.1   17:50    13.6   07:10     00.0     02.4    00.0   02.6     18.5    14:30      SE
13    19.3    25.3   17:40    12.7   07:10     00.0     01.0    00.0   02.1     16.6    11:50      E 
14    18.1    25.1   15:10    11.9   06:50     00.2     00.0    00.0   01.2     11.1    14:20      NW
15    17.6    24.6   17:50    11.3   07:20     00.7     00.0    00.0   01.2     11.1    15:40      N 
--------------------------------------------------------------------------------------------------------
16.4 (16.8)   28.1  day 12     07.8  day 10   031.6    003.4   004.2   01.7     35.2   day 08      SE
Min <   30: 15
Max Rain: 4.0 ON 7-04-24
Days of Rain: 2 (> .2mm) 1 (> 2mm) 0 (> 20mm)