Μετεωρολογικός Σταθμός στον Λιμένα Θάσου - Κάμερα στο λιμάνι - Αναλυτική Πρόγνωση - Στατιστικό αρχείο

- NOAA-Style Climate Reports

NOAA-Style Climate Reports

Select a Year or Month report
2024:
2023:

2024

Daily NOAA report



                            MONTHLY CLIMATOLOGICAL SUMMARY for JUN. 2024

NAME: meteothassos   CITY: Limenas STATE: Thassos, Greece
ELEV: 25m LAT: 040:46:03 LONG: -024:42:23

                            TEMPERATURE ( °C), RAIN (mm), WIND SPEED (kmh)

                                               HEAT     COOL           AVG
      MEAN                                     DEG      DEG            WIND                       DOM
DAY   TEMP    HIGH   TIME     LOW    TIME      DAYS     DAYS    RAIN   SPEED    HIGH    TIME      DIR
--------------------------------------------------------------------------------------------------------
07    26.2    33.0   16:02    19.0   16:01     00.0     07.9    00.0   00.5     09.3    22:15      NW
08    24.9    29.3   12:49    19.0   06:26     00.0     06.6    00.0   01.8     18.5    13:45     ESE
09    24.3    30.2   17:33    17.8   03:51     00.0     06.0    00.0   01.9     22.2    11:15      NE
10    25.1    31.7   14:16    18.3   06:28     00.0     06.8    00.0   00.4     09.3    15:19     SSW
11    25.8    32.9   18:57    19.1   06:29     00.0     07.5    00.0   00.7     11.1    13:46     WNW
12    24.9    31.9   14:37    18.5   04:33     00.0     06.6    00.0   01.5     16.6    13:37     ESE
13    26.3    33.1   16:32    19.2   06:07     00.0     08.0    00.0   01.1     16.6    19:32     SSE
14    27.9    32.9   15:36    21.8   23:38     00.0     09.6    00.0   04.0     31.4    13:38     ENE
15    23.2    29.4   19:42    17.1   05:55     00.0     04.9    00.0   02.3     22.2    10:49      E 
16    23.3    29.3   18:50    16.7   05:57     00.0     05.0    00.0   01.7     18.5    11:39      E 
17    25.0    32.0   18:01    18.4   05:27     00.0     06.7    00.0   00.0     03.7    01:29     SSE
18    26.6    33.9   14:32    19.7   06:06     00.0     08.3    00.0   00.0     00.0    00:00      S 
19    27.9    34.6   15:58    20.7   05:48     00.0     09.6    00.0   00.0     00.0    00:00     ESE
20    27.7    34.3   13:50    19.4   06:24     00.0     09.4    00.0   00.0     00.0    00:00      SE
--------------------------------------------------------------------------------------------------------
25.6 (25.5)   34.6  day 19     16.7  day 16   000.0    102.9   015.0   01.1     31.5   day 14     ESE
Max >  30: 11
Min <   30: 14
Max Rain: 0.0 ON 0-06-24
Days of Rain: 0 (> .2mm) 0 (> 2mm) 0 (> 20mm)